8?
True
Does 15 divide 349260?
True
Is 23 a factor of 363119?
False
Is 12340812 a multiple of 446?
False
Does 339 divide 49494?
True
Is 8332046 a multiple of 1128?
False
Is 293 a factor of 409439?
False
Is 31116 a multiple of 6?
True
Is 231374 a multiple of 119?
False
Is 19484872 a multiple of 12?
False
Is 37490 a multiple of 11?
False
Does 3 divide 158559?
True
Does 2081 divide 7970230?
True
Does 1121 divide 1220769?
True
Is 157250 a multiple of 11?
False
Is 268 a factor of 636819?
False
Does 81 divide 1167752?
False
Does 10 divide 1316469?
False
Does 11 divide 1538702?
True
Does 633 divide 215853?
True
Is 4 a factor of 79389?
False
Is 276 a factor of 799848?
True
Is 74095 a multiple of 203?
True
Is 2296240 a multiple of 20?
True
Is 20680 a multiple of 4?
True
Is 5093389 a multiple of 162?
False
Does 1392 divide 1182475?
False
Is 389 a factor of 7926667?
False
Is 96 a factor of 293787?
False
Is 5356286 a multiple of 46?
True
Is 47 a factor of 224707?
True
Is 45 a factor of 538078?
False
Is 210280 a multiple of 40?
True
Is 106 a factor of 13073086?
True
Is 5 a factor of 71959?
False
Is 177882 a multiple of 70?
False
Is 8 a factor of 2012845?
False
Is 61 a factor of 4392?
True
Does 451 divide 6425970?
False
Does 55 divide 167475?
True
Does 11 divide 4439904?
False
Does 27 divide 2508354?
True
Is 91 a factor of 1481207?
True
Does 38 divide 1094019?
False
Does 16 divide 1067152?
True
Is 39316 a multiple of 4?
True
Is 980969 a multiple of 347?
True
Is 748645 a multiple of 270?
False
Is 133 a factor of 4090527?
False
Does 87 divide 212296?
False
Is 140 a factor of 654780?
True
Does 24 divide 31201?
False
Does 11 divide 81242?
False
Is 25 a factor of 166172?
False
Does 40 divide 17833473?
False
Is 11811043 a multiple of 13?
False
Does 365 divide 4101623?
False
Is 170516 a multiple of 4?
True
Does 14 divide 133746?
False
Does 250 divide 45020?
False
Does 24 divide 98448?
True
Does 103 divide 5884?
False
Is 18 a factor of 552566?
False
Is 3531734 a multiple of 322?
False
Does 25 divide 215350?
True
Does 21 divide 1239584?
False
Is 26262 a multiple of 72?
False
Is 1574388 a multiple of 18?
True
Is 31 a factor of 973263?
False
Is 45 a factor of 7620663?
False
Is 973500 a multiple of 118?
True
Is 27154907 a multiple of 79?
True
Is 4320 a multiple of 36?
True
Is 82 a factor of 145951?
False
Does 118 divide 250750?
True
Is 8 a factor of 6614?
False
Is 15369 a multiple of 25?
False
Does 42 divide 2985524?
False
Is 59 a factor of 368455?
True
Is 2945116 a multiple of 510?
False
Does 38 divide 1129?
False
Is 448348 a multiple of 8?
False
Is 51766 a multiple of 143?
True
Is 43380 a multiple of 180?
True
Is 213 a factor of 1036884?
True
Is 115189 a multiple of 109?
False
Does 18 divide 2266297?
False
Is 610 a factor of 15218280?
True
Does 39 divide 27461?
False
Is 149600 a multiple of 170?
True
Is 36 a factor of 43200?
True
Is 170162 a multiple of 533?
False
Does 124 divide 84568?
True
Is 3267509 a multiple of 326?
False
Is 201 a factor of 1896502?
False
Is 104295 a multiple of 17?
True
Is 935 a multiple of 11?
True
Does 276 divide 9194008?
False
Is 77 a factor of 1892025?
False
Is 1832581 a multiple of 58?
False
Is 5039467 a multiple of 30?
False
Does 15 divide 143010?
True
Is 3025 a multiple of 7?
False
Does 44 divide 3205993?
False
Is 15 a factor of 785325?
True
Is 11 a factor of 291632?
True
Is 148878 a multiple of 9?
True
Does 11 divide 4094033?
False
Is 103020 a multiple of 101?
True
Is 15132 a multiple of 4?
True
Is 787 a factor of 10209682?
False
Is 497584 a multiple of 274?
True
Is 916 a factor of 6591536?
True
Is 5394708 a multiple of 9?
True
Does 24 divide 760080?
True
Is 15722935 a multiple of 5?
True
Does 194 divide 239202?
True
Is 20651440 a multiple of 1064?
False
Does 24 divide 125568?
True
Is 318 a factor of 425402?
False
Does 151 divide 27316?
False
Does 157 divide 63622?
False
Is 64000 a multiple of 20?
True
Does 11 divide 1005367?
True
Does 136 divide 1106224?
True
Does 71 divide 3835657?
False
Does 319 divide 1142297?
False
Does 498 divide 6673560?
False
Is 57996 a multiple of 537?
True
Is 258 a factor of 4270932?
True
Is 81 a factor of 143118?
False
Is 33 a factor of 8801958?
True
Is 595421 a multiple of 47?
False
Is 141552 a multiple of 95?
False
Is 10 a factor of 1457280?
True
Is 81274 a multiple of 54?
False
Is 7 a factor of 150619?
True
Does 6 divide 7396514?
False
Does 14 divide 2175292?
True
Is 271932 a multiple of 129?
True
Does 15 divide 19275?
True
Is 22 a factor of 3785844?
False
Does 22 divide 434961?
False
Does 12 divide 45576?
True
Is 186405 a multiple of 129?
True
Is 890968 a multiple of 338?
True
Does 86 divide 1430094?
True
Does 19 divide 121904?
True
Is 96 a factor of 637432?
False
Is 9 a factor of 14019837?
False
Is 19 a factor of 17808453?
True
Does 15 divide 930996?
False
Is 9102 a multiple of 111?
True
Does 17 divide 491947?
False
Is 202 a factor of 457328?
True
Does 148 divide 6887734?
False
Is 249000 a multiple of 166?
True
Is 935000 a multiple of 850?
True
Is 213 a factor of 296709?
True
Is 34 a factor of 39457?
False
Does 264 divide 1660824?
True
Does 75 divide 23107?
False
Does 309 divide 197451?
True
Is 219 a factor of 291270?
True
Is 44030 a multiple of 74?
True
Does 3 divide 53884?
False
Is 104 a factor of 359845?
False
Is 26 a factor of 6130358?
True
Does 100 divide 18700?
True
Does 540 divide 209520?
True
Is 681801 a multiple of 781?
False
Is 1531203 a multiple of 59?
False
Does 129 divide 293305?
False
Is 489144 a multiple of 687?
True
Does 6 divide 1428009?
False
Is 2933366 a multiple of 319?
False
Is 922376 a multiple of 756?
False
Is 291 a factor of 58438?
False
Is 29 a factor of 4391?
False
Is 14 a factor of 2108862?
True
Does 43 divide 1447129?
False
Is 217896 a multiple of 7?
True
Does 6 divide 15935?
False
Is 195486 a multiple of 93?
True
Does 15 divide 1532355?
True
Is 187 a factor of 10053717?
False
Is 2355068 even?
True
Is 83 a factor of 1303266?
True
Is 642330 a multiple of 13?
True
Is 5 a factor of 282813?
False
Does 42 divide 24936?
False
Is 426 a factor of 10126744?
False
Is 22 a factor of 1631865?
False
Does 640 divide 120320?
True
Is 18 a factor of 185356?
False
Is 239796 a multiple of 9?
True
Does 10 divide 95450?
True
Does 123 divide 88191?
True
Is 6804 a multiple of 12?
True
Is 43 a factor of 15273407?
False
Does 17 divide 41293?
True
Is 6 a factor of 32550?
True
Is 404 a factor of 3591560?
True
Is 161352 even?
True
Is 53535 a multiple of 3?
True
Does 184 divide 202123?
False
Does 371 divide 149142?
True
Is 659 a factor of 1797752?
True
Does 64 divide 455488?
True
Is 483276 a multiple of 204?
True
Does 135 divide 164076?
False
Is 25 a factor of 3074050?
True
Is 329392 a multiple of 28?
True
Is 7888056 a multiple of 666?
False
Is 977037 a multiple of 57?
True
Is 112462 a multiple of 7?
True
Is 65 a factor of 995215?
True
Is 116307 a multiple of 203?
False
Does 19 divide 11449223?
False
Is 55 a factor of 186945?
True
Does 270 divide 5272202?
False
Does 12 divide 537360?
True
Is 189199 a multiple of 8?
False
Is 1010394 a multiple of 462?
True
Is 282847 a multiple of 399?
False
Is 4926614 a multiple of 13?
False
Is 27 a factor of 1337175?
True
Does 91 divide 67795?
True
Is 10 a factor of 6608098?
False
Is 273628 a multiple of 88?
False
Does 209 divide 570199?
False
Is 4 a factor of 878312?
True
Is 1605065 a multiple of 385?
True
Is 366318 a multiple of 47?
True
Is 3 a factor of 109710?
True
Does 71 divide 4675535?
False
Is 769670 a multiple of 55?
True
Is 13 a factor of 77012?
True
Is 3277272 a multiple of 83?
False
Does 1408 divide 5427840?
True
Is 4325366 a multiple of 254?
True
Is 4066020 a multiple of 180?
True
Is 9 a factor of 22900943?
False
Does 61 divide 16592?
True
Does 289 divide 15114203?
False
Is 29325395 a multiple of 127?
False
Does 447 divide 151980?
True
Is 11 a factor of 42535?
False
Is 69198 a multiple of 5?
False
Is 1409410 a multiple of 194?
True
Is 104109 a multiple of 6?
False
Is 1450593 a multiple of 19?
True
Is 6509384 a multiple of 8?
True
Is 8755918 a multiple of 476?
False
Is 868288 a multiple of 40?
False
Does 19 divide 1313069?
False
Does 46 divide 829012?
True
Is 101 a factor of 119678?
False
Is 762759 a multiple of 19?
False
Is 116920 a multiple of 79?
True
